{"id":17573,"date":"2023-12-19T13:49:25","date_gmt":"2023-12-19T13:49:25","guid":{"rendered":"https:\/\/iw.al\/dshq\/?page_id=17573"},"modified":"2026-04-03T08:34:04","modified_gmt":"2026-04-03T08:34:04","slug":"kordinatori-per-te-drejten-e-informimit","status":"publish","type":"page","link":"https:\/\/iw.al\/dshq\/kordinatori-per-te-drejten-e-informimit\/","title":{"rendered":"Kordinatori p\u00ebr t\u00eb Drejt\u00ebn e Informimit"},"content":{"rendered":"\t\t<div data-elementor-type=\"wp-page\" data-elementor-id=\"17573\" class=\"elementor elementor-17573\">\n\t\t\t\t<div class=\"elementor-element elementor-element-aa74e52 e-con-full e-flex e-con e-parent\" data-id=\"aa74e52\" data-element_type=\"container\">\n\t\t\t\t<div class=\"elementor-element elementor-element-640afd1 elementor-widget__width-inherit elementor-widget elementor-widget-egovenzsectiontitle\" data-id=\"640afd1\" data-element_type=\"widget\" data-widget_type=\"egovenzsectiontitle.default\">\n\t\t\t\t<div class=\"elementor-widget-container\">\n\t\t\t\t\t<div class=\"section-title-wrapper\"><div class=\"title-wrap\"><h2 class=\"section-title\">Koordinatori p\u00ebr t\u00eb Drejt\u00ebn e Informimit <\/h2><\/div><!-- .title-wrap --><div class=\"section-description\"><\/div><!-- .section-description --><\/div><!-- .section-title-wrapper -->\t\t\t\t<\/div>\n\t\t\t\t<\/div>\n\t\t\t\t<\/div>\n\t\t<div class=\"elementor-element elementor-element-571bb299 e-flex e-con-boxed e-con e-parent\" data-id=\"571bb299\" data-element_type=\"container\">\n\t\t\t\t\t<div class=\"e-con-inner\">\n\t\t\t\t<div class=\"elementor-element elementor-element-ffb2260 elementor-widget elementor-widget-heading\" data-id=\"ffb2260\" data-element_type=\"widget\" data-widget_type=\"heading.default\">\n\t\t\t\t<div class=\"elementor-widget-container\">\n\t\t\t\t\t<h4 class=\"elementor-heading-title elementor-size-default\">Informacion kontakti<\/h4>\t\t\t\t<\/div>\n\t\t\t\t<\/div>\n\t\t\t\t<div class=\"elementor-element elementor-element-5a35550 elementor-widget elementor-widget-text-editor\" data-id=\"5a35550\" data-element_type=\"widget\" data-widget_type=\"text-editor.default\">\n\t\t\t\t<div class=\"elementor-widget-container\">\n\t\t\t\t\t\t\t\t\t<p><strong>Anxhela Kostandini\u00a0<\/strong><\/p>\n<p><strong><img decoding=\"async\" class=\"wp-image-17598 alignleft\" src=\"https:\/\/dshq.gov.al\/wp-content\/uploads\/2023\/12\/phone-icon.png\" alt=\"\" width=\"28\" height=\"28\" srcset=\"https:\/\/iw.al\/dshq\/wp-content\/uploads\/2023\/12\/phone-icon.png 225w, https:\/\/iw.al\/dshq\/wp-content\/uploads\/2023\/12\/phone-icon-80x80.png 80w\" sizes=\"(max-width: 28px) 100vw, 28px\" \/><\/strong><\/p>\n<p><strong>Mob. Nr.<\/strong>\u00a0069 24 919 16<\/p>\n<p><strong><img decoding=\"async\" class=\"wp-image-17599 alignleft\" src=\"https:\/\/dshq.gov.al\/wp-content\/uploads\/2023\/12\/email-icon.png\" alt=\"\" width=\"29\" height=\"29\" srcset=\"https:\/\/iw.al\/dshq\/wp-content\/uploads\/2023\/12\/email-icon.png 225w, https:\/\/iw.al\/dshq\/wp-content\/uploads\/2023\/12\/email-icon-80x80.png 80w\" sizes=\"(max-width: 29px) 100vw, 29px\" \/>E-mail:<\/strong> Anxhela.Kostandini@dshq.gov.al<\/p>\n<p><!-- \/wp:paragraph --><!-- wp:paragraph --><\/p>\n<p><!-- \/wp:paragraph --><\/p>\t\t\t\t\t\t\t\t<\/div>\n\t\t\t\t<\/div>\n\t\t\t\t\t<\/div>\n\t\t\t\t<\/div>\n\t\t<div class=\"elementor-element elementor-element-64dcf97 e-flex e-con-boxed e-con e-parent\" data-id=\"64dcf97\" data-element_type=\"container\">\n\t\t\t\t\t<div class=\"e-con-inner\">\n\t\t\t\t\t<\/div>\n\t\t\t\t<\/div>\n\t\t\t\t<\/div>\n\t\t","protected":false},"excerpt":{"rendered":"<p>Koordinatori p\u00ebr t\u00eb Drejt\u00ebn e Informimit Informacion kontakti Anxhela Kostandini\u00a0 Mob. Nr.\u00a0069 24 919 16 E-mail: Anxhela.Kostandini@dshq.gov.al<\/p>\n","protected":false},"author":1,"featured_media":0,"parent":0,"menu_order":0,"comment_status":"closed","ping_status":"closed","template":"","meta":{"footnotes":""},"class_list":["post-17573","page","type-page","status-publish","hentry"],"_links":{"self":[{"href":"https:\/\/iw.al\/dshq\/wp-json\/wp\/v2\/pages\/17573","targetHints":{"allow":["GET"]}}],"collection":[{"href":"https:\/\/iw.al\/dshq\/wp-json\/wp\/v2\/pages"}],"about":[{"href":"https:\/\/iw.al\/dshq\/wp-json\/wp\/v2\/types\/page"}],"author":[{"embeddable":true,"href":"https:\/\/iw.al\/dshq\/wp-json\/wp\/v2\/users\/1"}],"replies":[{"embeddable":true,"href":"https:\/\/iw.al\/dshq\/wp-json\/wp\/v2\/comments?post=17573"}],"version-history":[{"count":38,"href":"https:\/\/iw.al\/dshq\/wp-json\/wp\/v2\/pages\/17573\/revisions"}],"predecessor-version":[{"id":18440,"href":"https:\/\/iw.al\/dshq\/wp-json\/wp\/v2\/pages\/17573\/revisions\/18440"}],"wp:attachment":[{"href":"https:\/\/iw.al\/dshq\/wp-json\/wp\/v2\/media?parent=17573"}],"curies":[{"name":"wp","href":"https:\/\/api.w.org\/{rel}","templated":true}]}}